110110
What is 2101 (base 3) in base 5?
224
What is -1 (base 13) in base 7?
-1
What is -32 (base 8) in base 2?
-11010
Convert -46 (base 7) to base 4.
-202
-1213 (base 4) to base 16
-67
What is -462 (base 7) in base 5?
-1430
What is -13 (base 8) in base 4?
-23
-32 (base 5) to base 4
-101
Convert 9 (base 10) to base 12.
9
Convert 11 (base 9) to base 13.
a
Convert 10 (base 5) to base 10.
5
Convert -25 (base 14) to base 2.
-100001
What is -11 (base 8) in base 13?
-9
What is -112 (base 6) in base 15?
-2e
What is -14 (base 16) in base 11?
-19
Convert -141 (base 5) to base 16.
-2e
Convert -14 (base 5) to base 13.
-9
Convert 10 (base 2) to base 10.
2
What is 25 (base 12) in base 9?
32
What is -76 (base 11) in base 13?
-65
Convert -10010 (base 2) to base 14.
-14
Convert 9 (base 14) to base 4.
21
What is 20 (base 12) in base 10?
24
28 (base 10) to base 7
40
-1001 (base 3) to base 8
-34
11222 (base 3) to base 4
2012
What is -2 (base 12) in base 11?
-2
What is -110011 (base 2) in base 16?
-33
-3 (base 16) to base 12
-3
-121 (base 4) to base 14
-1b
-1 (base 4) to base 13
-1
What is 6 (base 7) in base 16?
6
20 (base 15) to base 4
132
5 (base 9) to base 16
5
Convert -a5 (base 14) to base 2.
-10010001
Convert 5b (base 13) to base 2.
1001100
Convert -1005 (base 6) to base 3.
-22012
-99 (base 11) to base 4
-1230
What is -32 (base 14) in base 8?
-54
What is 100 (base 2) in base 14?
4
-240 (base 7) to base 14
-90
What is a (base 16) in base 15?
a
Convert 34 (base 5) to base 7.
25
What is -f1 (base 16) in base 13?
-157
-5 (base 13) to base 8
-5
Convert 9 (base 13) to base 15.
9
-17a (base 13) to base 2
-100001110
Convert 8a (base 12) to base 13.
82
Convert -1 (base 5) to base 15.
-1
-121 (base 7) to base 4
-1000
-51 (base 12) to base 16
-3d
Convert 39 (base 16) to base 8.
71
Convert 45 (base 14) to base 16.
3d
What is 3133 (base 4) in base 6?
1011
Convert 11 (base 15) to base 6.
24
Convert 1 (base 15) to base 2.
1
Convert 11 (base 2) to base 14.
3
What is 24 (base 6) in base 3?
121
What is -1101011 (base 2) in base 8?
-153
2 (base 5) to base 3
2
What is 110022 (base 3) in base 7?
653
Convert 1101 (base 2) to base 3.
111
-1020 (base 4) to base 13
-57
33 (base 16) to base 9
56
Convert -22010 (base 3) to base 16.
-db
11012 (base 3) to base 16
71
Convert -121 (base 3) to base 5.
-31
-133 (base 4) to base 7
-43
1 (base 10) to base 16
1
Convert -123 (base 4) to base 7.
-36
What is -4 (base 13) in base 5?
-4
Convert -21 (base 3) to base 5.
-12
Convert -46 (base 11) to base 8.
-62
-101 (base 2) to base 13
-5
Convert 50 (base 7) to base 9.
38
What is 2 (base 10) in base 11?
2
Convert -4 (base 12) to base 4.
-10
33 (base 7) to base 3
220
Convert -2 (base 13) to base 16.
-2
-235 (base 9) to base 3
-21012
What is -2 (base 6) in base 14?
-2
401 (base 5) to base 4
1211
-3 (base 15) to base 11
-3
What is -1 (base 9) in base 8?
-1
Convert -32 (base 10) to base 4.
-200
-19 (base 15) to base 8
-30
What is 3 (base 7) in base 13?
3
What is 9c (base 14) in base 12?
b6
What is 50 (base 12) in base 9?
66
Convert 1 (base 2) to base 6.
1
Convert 35 (base 7) to base 4.
122
-1 (base 12) to base 8
-1
-1012 (base 4) to base 15
-4a
What is 1 (base 6) in base 11?
1
What is 1 (base 2) in base 11?
1
-1 (base 16) to base 11
-1
What is 31 (base 6) in base 11?
18
What is -20210 (base 3) in base 6?
-503
33 (base 16) to base 6
123
1 (base 4) to base 5
1
1 (base 13) to base 6
1
What is 196 (base 12) in base 14?
146
What is -15 (base 15) in base 11?
-19
What is -6 (base 14) in base 8?
-6
-3 (base 6) to base 4
-3
-4 (base 16) to base 7
-4
Convert 2013 (base 5) to base 8.
402
Convert 2 (base 8) to base 16.
2
-4 (base 7) to base 15
-4
Convert 2 (base 12) to base 8.
2
What is -5 (base 13) in base 15?
-5
-15 (base 9) to base 15
-e
Convert -1012 (base 5) to base 12.
-b0
-1011001 (base 2) to base 15
-5e
-6 (base 13) to base 10
-6
What is -8 (base 12) in base 14?
-8
Convert -51 (base 10) to base 8.
-63
2211 (base 4) to base 12
119
-1 (base 6) to base 14
-1
Convert ce (base 15) to base 10.
194
103 (base 7) to base 9
57
Convert 82 (base 11) to base 10.
90
What is 102 (base 5) in base 2?
11011
-9 (base 15) to base 6
-13
What is -1 (base 13) in base 10?
-1
Convert 1 (base 4) to base 7.
1
135 (base 11) to base 10
159
Convert 2 (base 6) to base 13.
2
What is -11211 (base 3) in base 8?
-202
-131 (base 4) to base 8
-35
-1d (base 15) to base 6
-44
-40 (base 12) to base 15
-33
What is -6 (base 10) in base 13?
-6
Convert 146 (base 9) to base 14.
8b
What is -11 (base 16) in base 11?
-16
Convert -110 (base 2) to base 15.
-6
Convert -12a (base 11) to base 8.
-231
Convert 8 (base 14) to base 9.
8
10 (base 5) to base 3
12
Convert 2 (base 13) to base 9.
2
What is 165 (base 12) in base 4?
3131
What is -2 (base 14) in base 13?
-2
-6a (base 16) to base 14
-78
What is -1 (base 16) in base 12?
-1
What is -5 (base 15) in base 7?
-5
Convert -24 (base 10) to base 3.
-220
Convert 10 (base 3) to base 13.
3
-1 (base 2) to base 8
-1
What is -5 (base 15) in base 11?
-5
-26 (base 8) to base 2
-10110
What is 16 (base 8) in base 10?
14
What is -113 (base 9) in base 5?
-333
Convert 7b (base 13) to base 6.
250
Convert -61 (base 9) to base 5.
-210
Convert 2a (base 16) to base 2.
101010
Convert -11 (base 2) to base 5.
-3
What is -5 (base 8) in base 2?
-101
Convert 3 (base 4) to base 12.
3
What is 10331 (base 4) in base 9?
382
40 (base 12) to base 8
60
What is 10101 (base 2) in base 13?
18
11 (base 2) to base 12
3
What is -2022 (base 3) in base 15?
-42
Convert 100 (base 2) to base 5.
4
Convert -1 (base 8) to base 14.
-1
Convert 70 (base 12) to base 15.
59
What is -4 (base 10) in base 7?
-4
What is -38 (base 13) in base 12?
-3b
What is -3 (base 11) in base 2?
-11
Convert 1010001 (base 2) to base 9.
100
Convert a (base 14) to base 15.
a
Convert -40 (base 15) to base 16.
-3c
What is 28 (base 9) in base 12?
22
What is -332 (base 5) in base 8?
-134
What is -473 (base 8) in base 16?
-13b
What is -4 (base 11) in base 13?
-4
Convert -6b (base 12) to base 3.
-10002
What is 2d (base 15) in base 4?
223
What is -7 (base 13) in base 2?
-111
Convert 1 (base 15) to base 5.
1
Convert -75 (base 16) to base 9.
-140
-1000 (base 2) to base 11
-8
a (base 11) to base 3
101
Convert a7 (base 14) to base 2.
10010011
What is 2 (base 13) in base 15?
2
What is 2 (base 11) in base 2?
10
What is 116 (base 11) in base 14?
9c
What is 2 (base 7) in base 4?
2
What is -110 (base 2) in base 6?
-10
Convert -1011 (base 2) to base 11.
-10
Convert -2 (base 15) to base 9.
-2
Convert -2 (base 10) to base 4.
-2
What is -30 (base 4) in base 6?
-20
Convert 2 (base 4) to base 15.
2
What is 213 (base 6) in base 10?
81
-30 (base 5) to base 6
-23
What is 2 (base 10) in base 16?
2
Convert 15 (base 15) to base 16.
14
Convert -4 (base 7) to base 13.
-4
-2 (base 4) to base 14
-2
What is 1111 (base 2) in base 6?
23
3 (base 11) to base 9
3
What is -11 (base 2) in base 7?
-3
Convert -1 (base 11) to base 6.
-1
Convert -402 (base 5) to base 10.
-102
What is -2 (base 7) in base 3?
-2
What is 22011 (base 3) in base 13?
13c
Convert -33 (base 11) to base 12.
-30
7 (base 9) to base 2
111
-4 (base 16) to base 4
-10
-1 (base 3) to base 4
-1
1 (base 6) to base 4
1
-1b (base 15) to base 3
-222
-2 (base 12) to base 7
-2
100 (base 6) to base 13
2a
-60 (base 8) to base 11
-44
Convert 224 (base 7) to base 5.
431
What is -6 (base 9) in base 6?
-10
What is 101000 (base 2) in base 16?
28
What is 6 (base 16) in base 5?
11
What is -11 (base 2) in base 16?
-3
Convert -11 (base 2) to base 15.
-3
10f (base 16) to base 15
131
Convert -2 (base 4) to base 2.
-10
What is 31 (base 7) in base 3?
211
Convert 3a (base 12) to base 10.
46
-25 (base 9) to base 11
-21
What is 10001110 (base 2) in base 15?
97
Convert -2 (base 16) to base 4.
-2
Convert 6 (base 15) to base 6.
10
What is a (base 11) in base 5?
20
What is -b (base 12) in base 6?
-15
Convert -107 (base 8) to base 10.
-71
Convert 20 (base 3) to base 16.
6
Convert 2 (base 10) to base 3.
2
-8 (base 14) to base 8
-10
Convert -67 (base 8) to base 14.
-3d
-8 (base 16) to base 7
-11
What is 1 (base 5) in base 7?
1
-6 (base 13) to base 10
-6
Convert 11010110 (base 2) to base 14.
114
20 (base 12) to base 4
120
What is -14 (base 7) in base 13?
-b
-28 (base 11) to base 2
-11110
0 (b